usands digit of 794144?
4
What is the tens digit of 15061?
6
What is the hundreds digit of 1303759?
7
What is the units digit of 65641?
1
What is the thousands digit of 119105?
9
What is the units digit of 2873462?
2
What is the thousands digit of 172493?
2
What is the thousands digit of 5498334?
8
What is the hundreds digit of 2835534?
5
What is the thousands digit of 8487757?
7
What is the ten thousands digit of 458107?
5
What is the thousands digit of 408316?
8
What is the hundreds digit of 158445?
4
What is the tens digit of 11385691?
9
What is the hundreds digit of 1814195?
1
What is the units digit of 1696395?
5
What is the units digit of 4333958?
8
What is the tens digit of 4653304?
0
What is the millions digit of 15953596?
5
What is the thousands digit of 2611000?
1
What is the tens digit of 312100?
0
What is the hundreds digit of 6233295?
2
What is the units digit of 12443322?
2
What is the units digit of 10833895?
5
What is the thousands digit of 4488348?
8
What is the ten thousands digit of 13868934?
6
What is the tens digit of 2770599?
9
What is the hundred thousands digit of 24034897?
0
What is the ten thousands digit of 4567600?
6
What is the hundreds digit of 15669729?
7
What is the hundreds digit of 224919?
9
What is the ten thousands digit of 14059276?
5
What is the tens digit of 1449505?
0
What is the hundreds digit of 2291122?
1
What is the units digit of 60204?
4
What is the hundreds digit of 230433?
4
What is the tens digit of 4942713?
1
What is the units digit of 36603997?
7
What is the ten thousands digit of 1381162?
8
What is the tens digit of 639050?
5
What is the hundred thousands digit of 153418?
1
What is the hundred thousands digit of 3684969?
6
What is the ten thousands digit of 74891?
7
What is the units digit of 220144?
4
What is the ten thousands digit of 20263502?
6
What is the units digit of 8206507?
7
What is the hundreds digit of 3249577?
5
What is the tens digit of 485787?
8
What is the hundred thousands digit of 6939835?
9
What is the hundreds digit of 238973?
9
What is the units digit of 4863963?
3
What is the hundreds digit of 183983?
9
What is the hundreds digit of 15973267?
2
What is the tens digit of 35962?
6
What is the ten thousands digit of 32460721?
6
What is the ten thousands digit of 1522107?
2
What is the units digit of 5446283?
3
What is the ten thousands digit of 836074?
3
What is the ten thousands digit of 6388165?
8
What is the hundreds digit of 85810?
8
What is the units digit of 309?
9
What is the thousands digit of 233074?
3
What is the units digit of 369326?
6
What is the tens digit of 523464?
6
What is the ten thousands digit of 655205?
5
What is the hundreds digit of 3818012?
0
What is the ten thousands digit of 4956543?
5
What is the millions digit of 1157351?
1
What is the millions digit of 3404614?
3
What is the hundreds digit of 4667088?
0
What is the hundred thousands digit of 5795934?
7
What is the units digit of 574230?
0
What is the hundred thousands digit of 464701?
4
What is the ten thousands digit of 192103?
9
What is the thousands digit of 459210?
9
What is the hundred thousands digit of 149128?
1
What is the units digit of 7448?
8
What is the tens digit of 18504?
0
What is the ten thousands digit of 365347?
6
What is the units digit of 539620?
0
What is the tens digit of 1490692?
9
What is the millions digit of 2088683?
2
What is the hundreds digit of 43489?
4
What is the thousands digit of 272616?
2
What is the hundreds digit of 7528160?
1
What is the hundred thousands digit of 1655364?
6
What is the ten millions digit of 20652063?
2
What is the hundred thousands digit of 321336?
3
What is the units digit of 971833?
3
What is the millions digit of 3528967?
3
What is the tens digit of 225775?
7
What is the hundred thousands digit of 177682?
1
What is the hundred thousands digit of 936317?
9
What is the tens digit of 19537106?
0
What is the ten millions digit of 27327969?
2
What is the thousands digit of 5506225?
6
What is the millions digit of 4382344?
4
What is the ten thousands digit of 191980?
9
What is the ten millions digit of 11489341?
1
What is the ten millions digit of 12775388?
1
What is the hundred thousands digit of 8659532?
6
What is the tens digit of 1226085?
8
What is the ten millions digit of 16718502?
1
What is the thousands digit of 1226850?
6
What is the hundred thousands digit of 4464191?
4
What is the units digit of 13005657?
7
What is the tens digit of 564791?
9
What is the hundreds digit of 2064498?
4
What is the tens digit of 18873812?
1
What is the hundreds digit of 693610?
6
What is the thousands digit of 5104547?
4
What is the tens digit of 829210?
1
What is the ten thousands digit of 713939?
1
What is the units digit of 3352618?
8
What is the hundreds digit of 366736?
7
What is the units digit of 89384?
4
What is the units digit of 2375233?
3
What is the units digit of 14262515?
5
What is the hundreds digit of 5308402?
4
What is the millions digit of 1031955?
1
What is the hundreds digit of 892804?
8
What is the ten thousands digit of 5667589?
6
What is the units digit of 676080?
0
What is the thousands digit of 375901?
5
What is the tens digit of 82710?
1
What is the hundred thousands digit of 158025?
1
What is the ten thousands digit of 1627696?
2
What is the ten millions digit of 13539254?
1
What is the tens digit of 11646307?
0
What is the millions digit of 7188763?
7
What is the units digit of 6699070?
0
What is the thousands digit of 45023969?
3
What is the units digit of 32221397?
7
What is the ten millions digit of 27859783?
2
What is the ten thousands digit of 880366?
8
What is the units digit of 854177?
7
What is the hundreds digit of 94593?
5
What is the hundred thousands digit of 6997040?
9
What is the hundreds digit of 107780?
7
What is the millions digit of 1502032?
1
What is the hundreds digit of 44643?
6
What is the tens digit of 592183?
8
What is the millions digit of 2101874?
2
What is the hundreds digit of 201881?
8
What is the ten thousands digit of 9610052?
1
What is the thousands digit of 552212?
2
What is the hundred thousands digit of 347367?
3
What is the ten thousands digit of 827390?
2
What is the ten thousands digit of 4519576?
1
What is the units digit of 192348?
8
What is the hundreds digit of 16609252?
2
What is the thousands digit of 303208?
3
What is the units digit of 680370?
0
What is the thousands digit of 1770896?
0
What is the hundred thousands digit of 292388?
2
What is the thousands digit of 285721?
5
What is the thousands digit of 293659?
3
What is the millions digit of 1161792?
1
What is the thousands digit of 871368?
1
What is the hundreds digit of 1444298?
2
What is the hundreds digit of 5463285?
2
What is the thousands digit of 131611?
1
What is the hundreds digit of 1998237?
2
What is the units digit of 207807?
7
What is the thousands digit of 13250957?
0
What is the thousands digit of 855203?
5
What is the ten thousands digit of 22118309?
1
What is the units digit of 1828260?
0
What is the thousands digit of 16725324?
5
What is the hundred thousands digit of 1389266?
3
What is the units digit of 4715907?
7
What is the hundred thousands digit of 10601232?
6
What is the tens digit of 142869?
6
What is the units digit of 192215?
5
What is the ten thousands digit of 15005498?
0
What is the millions digit of 1016408?
1
What is the hundreds digit of 14483359?
3
What is the hundreds digit of 2620686?
6
What is the ten thousands digit of 80499?
8
What is the hundreds digit of 285212?
2
What is the hundred thousands digit of 233350?
2
What is the thousands digit of 28426343?
6
What is the ten thousands digit of 5573789?
7
What is the units digit of 171764?
4
What is the thousands digit of 989637?
9
What is the hundreds digit of 11807100?
1
What is the tens digit of 1190197?
9
What is the thousands digit of 1511282?
1
What is the ten thousands digit of 826281?
2
What is the units digit of 10182724?
4
What is the thousands digit of 1257465?
7
What is the ten thousands digit of 3652384?
5
What is the units digit of 261037?
7
What is the tens digit of 11932001?
0
What is the ten thousands digit of 436000?
3
What is the hundreds digit of 3879598?
5
What is the tens digit of 574129?
2
What is the units digit